{"id":5288,"date":"2022-09-09T18:03:57","date_gmt":"2022-09-09T16:03:57","guid":{"rendered":"https:\/\/climagas.cat\/product\/caldera-ariston-cares-s\/"},"modified":"2022-11-18T09:51:53","modified_gmt":"2022-11-18T08:51:53","slug":"caldera-ariston-cares-s","status":"publish","type":"product","link":"https:\/\/climagas.cat\/es\/product\/caldera-ariston-cares-s\/","title":{"rendered":"CALDERA ARISTON CARES S"},"content":{"rendered":"<p>[et_pb_section fb_built=\u00bb1&#8243; _builder_version=\u00bb4.16&#8243; custom_padding=\u00bb0px||||false|false\u00bb global_colors_info=\u00bb{}\u00bb][et_pb_row _builder_version=\u00bb4.16&#8243; background_size=\u00bbinitial\u00bb background_position=\u00bbtop_left\u00bb background_repeat=\u00bbrepeat\u00bb width=\u00bb100%\u00bb custom_padding=\u00bb0px||0px||false|false\u00bb global_colors_info=\u00bb{}\u00bb][et_pb_column type=\u00bb4_4&#8243; _builder_version=\u00bb4.16&#8243; custom_padding=\u00bb|||\u00bb global_colors_info=\u00bb{}\u00bb custom_padding__hover=\u00bb|||\u00bb][et_pb_wc_breadcrumb _builder_version=\u00bb4.16&#8243; global_colors_info=\u00bb{}\u00bb][\/et_pb_wc_breadcrumb][et_pb_wc_cart_notice _builder_version=\u00bb4.16&#8243; global_colors_info=\u00bb{}\u00bb][\/et_pb_wc_cart_notice][\/et_pb_column][\/et_pb_row][et_pb_row column_structure=\u00bb1_2,1_2&#8243; _builder_version=\u00bb4.18.0&#8243; background_size=\u00bbinitial\u00bb background_position=\u00bbtop_left\u00bb background_repeat=\u00bbrepeat\u00bb width=\u00bb100%\u00bb custom_padding=\u00bb0px||||false|false\u00bb global_colors_info=\u00bb{}\u00bb][et_pb_column type=\u00bb1_2&#8243; _builder_version=\u00bb4.16&#8243; custom_padding=\u00bb|||\u00bb global_colors_info=\u00bb{}\u00bb custom_padding__hover=\u00bb|||\u00bb][et_pb_wc_images _builder_version=\u00bb4.16&#8243; global_colors_info=\u00bb{}\u00bb][\/et_pb_wc_images][\/et_pb_column][et_pb_column type=\u00bb1_2&#8243; _builder_version=\u00bb4.16&#8243; custom_padding=\u00bb|||\u00bb global_colors_info=\u00bb{}\u00bb custom_padding__hover=\u00bb|||\u00bb][et_pb_wc_title _builder_version=\u00bb4.16&#8243; global_colors_info=\u00bb{}\u00bb][\/et_pb_wc_title][et_pb_wc_rating _builder_version=\u00bb4.16&#8243; global_colors_info=\u00bb{}\u00bb][\/et_pb_wc_rating][et_pb_wc_price _builder_version=\u00bb4.16&#8243; global_colors_info=\u00bb{}\u00bb][\/et_pb_wc_price][et_pb_wc_description _builder_version=\u00bb4.16&#8243; global_colors_info=\u00bb{}\u00bb][\/et_pb_wc_description][et_pb_wc_add_to_cart _builder_version=\u00bb4.16&#8243; global_colors_info=\u00bb{}\u00bb][\/et_pb_wc_add_to_cart][et_pb_wc_meta _builder_version=\u00bb4.16&#8243; global_colors_info=\u00bb{}\u00bb][\/et_pb_wc_meta][\/et_pb_column][\/et_pb_row][et_pb_row _builder_version=\u00bb4.16&#8243; background_size=\u00bbinitial\u00bb background_position=\u00bbtop_left\u00bb background_repeat=\u00bbrepeat\u00bb width=\u00bb100%\u00bb global_colors_info=\u00bb{}\u00bb][et_pb_column type=\u00bb4_4&#8243; _builder_version=\u00bb4.16&#8243; custom_padding=\u00bb|||\u00bb global_colors_info=\u00bb{}\u00bb custom_padding__hover=\u00bb|||\u00bb][et_pb_wc_tabs _builder_version=\u00bb4.16&#8243; global_colors_info=\u00bb{}\u00bb]\t\t\t\t\t[\/et_pb_wc_tabs][et_pb_wc_upsells _builder_version=\u00bb4.16&#8243; global_colors_info=\u00bb{}\u00bb][\/et_pb_wc_upsells][et_pb_wc_related_products _builder_version=\u00bb4.16&#8243; global_colors_info=\u00bb{}\u00bb][\/et_pb_wc_related_products][\/et_pb_column][\/et_pb_row][\/et_pb_section]<\/p>\n","protected":false},"excerpt":{"rendered":"<p><a href=\"http:\/\/climagas.cat\/wp-content\/uploads\/2022\/11\/ariston_cares_s.pdf\">Descargar detalle<\/a><\/p>\n","protected":false},"featured_media":5193,"comment_status":"open","ping_status":"closed","template":"","meta":{"_et_pb_use_builder":"on","_et_pb_old_content":"La caldera de condensaci\u00f3n que se adapta a cualquier exigencia. Combina eficiencia y robustez gracias a su intercambiador de acero inoxidable. La Caras S ofrece un justo equilibrio entre sencillez, confort y prestaciones.\n\nLa tecnolog\u00eda de condensaci\u00f3n y los accesorios de termoregulaci\u00f3n, mejoran la eficiencia y la regulaci\u00f3n, lo cual permite reducir el consumo hasta un 35%\n\n\u2022 Intercambiador primario de condensaci\u00f3n de acero inoxidable de alto rendimiento\n\u2022 Display mini LCD\n\u2022 Dise\u00f1o robusto y compacto con envolvente met\u00e1lica\n\u2022 Man\u00f3metro frontal de f\u00e1cil acceso\n\u2022 Rango de modulaci\u00f3n del quemador 1:5\n\u2022 Silenciosa, con paneles aislantes interiores fono absorventes\n\u2022 Compatible con instalaci\u00f3n solar\n\u2022 Sistema autodiagn\u00f3stico mediante c\u00f3digo\n\u2022 Compatible con la centralita Sensys Net y con equipos que usan el protocolo de comunicaciones BusBridgenet\u00ae\n\u2022 Clase NOx 6\n\n<img class=\"alignnone wp-image-5528\" src=\"http:\/\/climagas.cat\/wp-content\/uploads\/2022\/09\/etiqueta-ariston-cares-s_page-0001.jpg\" alt=\"\" width=\"428\" height=\"815\">","_et_gb_content_width":""},"product_cat":[45],"product_tag":[],"_links":{"self":[{"href":"https:\/\/climagas.cat\/es\/wp-json\/wp\/v2\/product\/5288"}],"collection":[{"href":"https:\/\/climagas.cat\/es\/wp-json\/wp\/v2\/product"}],"about":[{"href":"https:\/\/climagas.cat\/es\/wp-json\/wp\/v2\/types\/product"}],"replies":[{"embeddable":true,"href":"https:\/\/climagas.cat\/es\/wp-json\/wp\/v2\/comments?post=5288"}],"wp:featuredmedia":[{"embeddable":true,"href":"https:\/\/climagas.cat\/es\/wp-json\/wp\/v2\/media\/5193"}],"wp:attachment":[{"href":"https:\/\/climagas.cat\/es\/wp-json\/wp\/v2\/media?parent=5288"}],"wp:term":[{"taxonomy":"product_cat","embeddable":true,"href":"https:\/\/climagas.cat\/es\/wp-json\/wp\/v2\/product_cat?post=5288"},{"taxonomy":"product_tag","embeddable":true,"href":"https:\/\/climagas.cat\/es\/wp-json\/wp\/v2\/product_tag?post=5288"}],"curies":[{"name":"wp","href":"https:\/\/api.w.org\/{rel}","templated":true}]}}

La caldera de condensación que se adapta a cualquier exigencia. Combina eficiencia y robustez gracias a su intercambiador de acero inoxidable. La Caras S ofrece un justo equilibrio entre sencillez, confort y prestaciones.

La tecnología de condensación y los accesorios de termoregulación, mejoran la eficiencia y la regulación, lo cual permite reducir el consumo hasta un 35%

• Intercambiador primario de condensación de acero inoxidable de alto rendimiento
• Display mini LCD
• Diseño robusto y compacto con envolvente metálica
• Manómetro frontal de fácil acceso
• Rango de modulación del quemador 1:5
• Silenciosa, con paneles aislantes interiores fono absorventes
• Compatible con instalación solar
• Sistema autodiagnóstico mediante código
• Compatible con la centralita Sensys Net y con equipos que usan el protocolo de comunicaciones BusBridgenet®
• Clase NOx 6

<img class="alignnone wp-image-5528" src="http://climagas.cat/wp-content/uploads/2022/09/etiqueta-ariston-cares-s_page-0001.jpg" alt="" width="428" height="815">
